{"id":4785,"date":"2025-06-29T15:40:29","date_gmt":"2025-06-29T13:40:29","guid":{"rendered":"https:\/\/www.fireisland.fr\/?post_type=product&#038;p=4785"},"modified":"2026-02-08T12:49:22","modified_gmt":"2026-02-08T11:49:22","slug":"scratch-1-anneau-en-cordelette-2","status":"publish","type":"product","link":"https:\/\/www.fireisland.fr\/index.php\/produit\/scratch-1-anneau-en-cordelette-2\/","title":{"rendered":"Scratch 1 anneau avec bande r\u00e9fl\u00e9chissante et mousqueton"},"content":{"rendered":"<p>Scratch pour porte-gants avec une boucle en sangle + ruban r\u00e9fl\u00e9chissant<\/p>\n<p>Mousqueton<\/p>\n<p>Tr\u00e8s solide<\/p>\n","protected":false},"excerpt":{"rendered":"<p>Scratch pour porte-gants avec une boucle en sangle + ruban r\u00e9fl\u00e9chissant Mousqueton Tr\u00e8s solide<\/p>\n","protected":false},"featured_media":4786,"comment_status":"open","ping_status":"closed","template":"","meta":[],"product_brand":[],"product_cat":[22,19],"product_tag":[],"class_list":{"0":"post-4785","1":"product","2":"type-product","3":"status-publish","4":"has-post-thumbnail","6":"product_cat-porte-gants","7":"product_cat-pour-veste-de-feu","9":"first","10":"instock","11":"purchasable","12":"product-type-simple"},"jetpack_sharing_enabled":true,"_links":{"self":[{"href":"https:\/\/www.fireisland.fr\/index.php\/wp-json\/wp\/v2\/product\/4785","targetHints":{"allow":["GET"]}}],"collection":[{"href":"https:\/\/www.fireisland.fr\/index.php\/wp-json\/wp\/v2\/product"}],"about":[{"href":"https:\/\/www.fireisland.fr\/index.php\/wp-json\/wp\/v2\/types\/product"}],"replies":[{"embeddable":true,"href":"https:\/\/www.fireisland.fr\/index.php\/wp-json\/wp\/v2\/comments?post=4785"}],"wp:featuredmedia":[{"embeddable":true,"href":"https:\/\/www.fireisland.fr\/index.php\/wp-json\/wp\/v2\/media\/4786"}],"wp:attachment":[{"href":"https:\/\/www.fireisland.fr\/index.php\/wp-json\/wp\/v2\/media?parent=4785"}],"wp:term":[{"taxonomy":"product_brand","embeddable":true,"href":"https:\/\/www.fireisland.fr\/index.php\/wp-json\/wp\/v2\/product_brand?post=4785"},{"taxonomy":"product_cat","embeddable":true,"href":"https:\/\/www.fireisland.fr\/index.php\/wp-json\/wp\/v2\/product_cat?post=4785"},{"taxonomy":"product_tag","embeddable":true,"href":"https:\/\/www.fireisland.fr\/index.php\/wp-json\/wp\/v2\/product_tag?post=4785"}],"curies":[{"name":"wp","href":"https:\/\/api.w.org\/{rel}","templated":true}]}}